a factor of 276148?
True
Is 68613 a multiple of 71?
False
Is 855595 a multiple of 111?
False
Does 85 divide 562615?
True
Does 38 divide 3058427?
False
Is 1189650 a multiple of 21?
True
Is 105798 a multiple of 33?
True
Does 216 divide 105535?
False
Is 78 a factor of 3165841?
False
Is 2 a factor of 2393281?
False
Is 12979670 a multiple of 1109?
False
Is 90 a factor of 70650?
True
Is 139 a factor of 181304?
False
Is 196 a factor of 286748?
True
Is 8 a factor of 1520672?
True
Is 9119 a multiple of 15?
False
Is 257160 a multiple of 3?
True
Is 133 a factor of 559930?
True
Does 14 divide 10665823?
False
Is 10 a factor of 78200?
True
Is 28 a factor of 3926916?
True
Does 60 divide 83226?
False
Is 55712 a multiple of 40?
False
Is 138 a factor of 119493?
False
Is 36745 a multiple of 15?
False
Does 14 divide 419650?
True
Does 78 divide 2688114?
True
Does 3 divide 201348?
True
Does 16 divide 343701?
False
Is 3588 a multiple of 9?
False
Is 3573642 a multiple of 246?
True
Is 15 a factor of 1656315?
True
Does 157 divide 875103?
False
Is 678178 a multiple of 23?
True
Is 3282092 a multiple of 6?
False
Is 955825 even?
False
Does 46 divide 2437543?
False
Does 48 divide 230177?
False
Is 7948042 a multiple of 38?
True
Is 2879116 a multiple of 145?
False
Is 5088000 a multiple of 444?
False
Does 286 divide 110918?
False
Is 5125256 a multiple of 24?
False
Does 8 divide 918404?
False
Is 7443461 a multiple of 56?
False
Does 6 divide 390192?
True
Is 605397 a multiple of 75?
False
Does 8 divide 18369?
False
Is 189873 a multiple of 61?
False
Is 433940 a multiple of 52?
True
Is 2887020 a multiple of 3?
True
Does 324 divide 1016614?
False
Is 34 a factor of 646068?
True
Is 497 a factor of 191557?
False
Is 276 a factor of 1047696?
True
Is 535 a factor of 10255931?
False
Does 260 divide 2865179?
False
Is 122 a factor of 2053298?
False
Is 236040 a multiple of 24?
True
Is 27 a factor of 27972?
True
Is 42887 a multiple of 8?
False
Is 4 a factor of 5176?
True
Is 1216 a factor of 2757888?
True
Is 872473 a multiple of 143?
False
Is 1328 a multiple of 4?
True
Is 4223 a multiple of 301?
False
Is 8 a factor of 4009135?
False
Is 88684 a multiple of 7?
False
Does 129 divide 4541310?
False
Is 75104 a multiple of 28?
False
Is 127 a factor of 146135?
False
Is 582785 a multiple of 82?
False
Is 77154 a multiple of 3?
True
Is 3 a factor of 39209?
False
Is 22 a factor of 258322?
False
Is 54614 a multiple of 2?
True
Is 2 a factor of 115624?
True
Is 4 a factor of 53156?
True
Is 665 a factor of 15741880?
True
Is 171 a factor of 1585814?
False
Is 57 a factor of 2457142?
False
Is 94629 a multiple of 52?
False
Is 23 a factor of 1460845?
True
Does 14 divide 2774338?
True
Is 28 a factor of 24300913?
False
Is 15 a factor of 55736?
False
Does 49 divide 114072?
True
Does 5 divide 12985?
True
Is 3858794 a multiple of 47?
True
Is 6 a factor of 2830314?
True
Is 156085 a multiple of 25?
False
Is 1884558 a multiple of 1020?
False
Is 8432766 a multiple of 207?
True
Does 7 divide 333204?
False
Is 322 a factor of 4206314?
False
Is 3 a factor of 4339484?
False
Is 6624078 a multiple of 435?
False
Is 3 a factor of 727463?
False
Is 78 a factor of 10231670?
False
Is 413 a factor of 3107412?
True
Is 93 a factor of 97557?
True
Does 4 divide 2570761?
False
Does 14 divide 45750?
False
Is 4258516 a multiple of 58?
False
Is 31 a factor of 257811?
False
Is 752 a factor of 5195568?
True
Does 8 divide 61936?
True
Is 8518877 a multiple of 317?
False
Is 38400 a multiple of 240?
True
Is 603603 a multiple of 33?
True
Is 790760 a multiple of 28?
False
Is 321 a factor of 268998?
True
Is 3780664 a multiple of 214?
False
Does 877 divide 11241813?
False
Is 670 a factor of 6573370?
True
Is 14532182 a multiple of 7?
True
Is 16425 a multiple of 18?
False
Is 79376 a multiple of 8?
True
Is 21824748 a multiple of 594?
True
Is 30016 a multiple of 46?
False
Is 17026614 a multiple of 9?
True
Does 208 divide 1089858?
False
Does 68 divide 597244?
True
Is 52 a factor of 416312?
True
Is 99242 a multiple of 286?
True
Does 19 divide 5171230?
True
Does 9 divide 59598?
True
Does 36 divide 221721?
False
Is 83 a factor of 760695?
True
Does 81 divide 102169?
False
Does 2 divide 6342?
True
Does 18 divide 2016638?
False
Is 11355 a multiple of 15?
True
Is 31 a factor of 52917?
True
Is 121 a factor of 1666170?
True
Does 125 divide 104304?
False
Is 24 a factor of 1051632?
True
Is 71604 a multiple of 51?
True
Is 114 a factor of 48792?
True
Is 9043 a multiple of 14?
False
Does 393 divide 152314?
False
Is 127 a factor of 20825?
False
Is 752 a factor of 3631459?
False
Is 328059 a multiple of 33?
False
Does 19 divide 550202?
True
Does 33 divide 5597130?
True
Is 167 a factor of 12231247?
True
Does 27 divide 1963274?
False
Is 13 a factor of 42640?
True
Is 2202 a factor of 14004720?
True
Is 206508 a multiple of 18?
False
Is 135 a factor of 26865?
True
Is 14877098 a multiple of 51?
False
Is 300582 a multiple of 9?
True
Is 50848 a multiple of 76?
False
Does 29 divide 219996?
False
Is 9 a factor of 63394?
False
Does 141 divide 53789?
False
Is 690196 a multiple of 36?
False
Is 30 a factor of 269783?
False
Does 11 divide 57816?
True
Is 885899 a multiple of 18?
False
Is 1183113 a multiple of 29?
True
Does 17 divide 41515?
False
Does 22 divide 1892889?
False
Does 18 divide 107597?
False
Is 151 a factor of 1346467?
True
Is 3266868 a multiple of 12?
True
Is 422 a factor of 38977?
False
Is 9741888 a multiple of 5?
False
Is 1540 a factor of 10929380?
True
Does 151 divide 6782316?
True
Is 354921 a multiple of 162?
False
Is 10 a factor of 21751?
False
Is 1000944 a multiple of 378?
True
Is 45 a factor of 5367590?
False
Is 47 a factor of 334932?
False
Is 195597 a multiple of 15?
False
Does 29 divide 78511?
False
Is 443992 a multiple of 152?
True
Is 1516947 a multiple of 37?
False
Does 13 divide 102246?
False
Is 5 a factor of 72579?
False
Is 6 a factor of 9455?
False
Is 10 a factor of 3485370?
True
Is 94 a factor of 11991845?
False
Does 123 divide 24621525?
True
Is 316 a factor of 8477016?
True
Is 16 a factor of 769154?
False
Is 3747359 a multiple of 3?
False
Does 53 divide 4165302?
False
Is 74640 a multiple of 24?
True
Does 26 divide 36894?
True
Is 28 a factor of 5537448?
True
Does 489 divide 32982?
False
Does 7 divide 1130108?
True
Is 37 a factor of 168690?
False
Does 12 divide 545939?
False
Is 50 a factor of 1246816?
False
Is 6 a factor of 18149?
False
Is 38 a factor of 268356?
True
Does 383 divide 443514?
True
Is 6 a factor of 81703?
False
Is 29 a factor of 566109?
True
Is 253 a factor of 941919?
True
Is 1245862 a multiple of 24?
False
Is 21 a factor of 1802073?
True
Is 46980 a multiple of 12?
True
Does 22 divide 13222134?
False
Is 208600 a multiple of 200?
True
Is 20 a factor of 4463280?
True
Is 2188690 a multiple of 145?
False
Is 1168411 a multiple of 289?
False
Does 91 divide 37724?
False
Is 2 a factor of 43078?
True
Is 1897520 a multiple of 6?
False
Does 5 divide 39696?
False
Is 17 a factor of 197897?
True
Is 11 a factor of 6051900?
False
Does 47 divide 1238551?
False
Is 136 a factor of 2571352?
True
Does 505 divide 563156?
False
Does 16 divide 9854448?
True
Is 32 a factor of 159136?
True
Is 216342 a multiple of 17?
True
Does 11 divide 160853?
True
Is 1554674 a multiple of 11?
True
Does 589 divide 7580146?
False
Does 352 divide 184305?
False
Is 2321830 a multiple of 55?
False
Is 8 a factor of 129790?
False
Is 184 a factor of 143336?
True
Is 12828712 a multiple of 1684?
True
Does 197 divide 100547?
False
Is 64 a factor of 44832?
False
Is 6 a factor of 95844?
True
Is 699016 a multiple of 3?
False
Is 1479531 a multiple of 945?
False
Is 107000 a multiple of 393?
False
Does 364 divide 30665?
False
Does 54 divide 386154?
True
Is 70 a factor of 236950?
True
Does 45 divide 129367?
False
Is 7 a factor of 727870?
False
Is 47 a factor of 1319290?
True
Does 137 divide 231154?
False
Does 28 divide 452990?
False
Is 266112 a multiple of 1056?
True
Is 345 a factor of 12146070?
True
Is 3 a factor of 161404?
False
Is 71 a factor of 384826?
False
Is 201663 a multiple of 12?
False
Does 46 divide 11078318?
True
Does 1607 divide 10071069?
True
Is 295 a factor of 538978?
False
Is 130 a factor of 5959631?
False
Is 1869120 a multiple of 16?
True
Is 158 a factor of 1114374?
True
Is 38 a factor of 